 highest common factor of 75 and 400?
25
Calculate the highest common factor of 35 and 245.
35
What is the greatest common divisor of 323 and 57?
19
What is the greatest common factor of 378 and 4788?
126
Calculate the greatest common divisor of 1085 and 315.
35
What is the highest common factor of 6 and 147?
3
What is the highest common divisor of 12 and 178?
2
What is the greatest common divisor of 30 and 490?
10
Calculate the highest common divisor of 6725 and 1076.
269
Calculate the greatest common divisor of 78 and 18.
6
Calculate the highest common divisor of 5792 and 64.
32
What is the greatest common factor of 72 and 90?
18
What is the highest common divisor of 91 and 49?
7
Calculate the greatest common factor of 1224 and 680.
136
What is the highest common factor of 20 and 164?
4
Calculate the highest common divisor of 70 and 40.
10
What is the greatest common factor of 66 and 1782?
66
Calculate the highest common factor of 104 and 24.
8
Calculate the greatest common factor of 1292 and 136.
68
What is the highest common factor of 1456 and 224?
112
What is the highest common divisor of 3920 and 112?
112
What is the highest common divisor of 35 and 924?
7
What is the greatest common divisor of 460 and 23?
23
What is the highest common factor of 46 and 4?
2
What is the greatest common factor of 216 and 405?
27
Calculate the greatest common factor of 152 and 272.
8
Calculate the greatest common divisor of 425 and 1615.
85
What is the highest common factor of 51 and 12?
3
What is the highest common factor of 6331 and 26?
13
What is the greatest common divisor of 5064 and 120?
24
Calculate the highest common factor of 1653 and 1425.
57
What is the greatest common divisor of 663 and 39?
39
What is the greatest common divisor of 29 and 145?
29
What is the highest common factor of 190 and 57?
19
What is the highest common factor of 171 and 1653?
57
What is the greatest common factor of 2041 and 39?
13
Calculate the highest common factor of 321 and 535.
107
Calculate the highest common factor of 80 and 675.
5
What is the highest common factor of 93 and 186?
93
Calculate the greatest common divisor of 2773 and 944.
59
What is the greatest common divisor of 1395 and 243?
9
What is the greatest common divisor of 7776 and 72?
72
Calculate the highest common divisor of 82 and 2.
2
What is the greatest common factor of 217 and 31?
31
What is the highest common factor of 704 and 288?
32
Calculate the highest common factor of 6420 and 420.
60
Calculate the greatest common divisor of 405 and 10.
5
What is the greatest common divisor of 245 and 4270?
35
Calculate the greatest common divisor of 2147 and 452.
113
Calculate the highest common factor of 3087 and 28.
7
What is the greatest common factor of 22 and 5951?
11
What is the greatest common factor of 296 and 2220?
148
Calculate the greatest common factor of 21 and 28560.
21
What is the greatest common divisor of 50 and 2?
2
Calculate the greatest common factor of 8988 and 84.
84
What is the highest common divisor of 276 and 12?
12
What is the highest common divisor of 12 and 1068?
12
What is the highest common factor of 6624 and 207?
207
Calculate the greatest common divisor of 4278 and 372.
186
Calculate the highest common factor of 15833 and 223.
223
Calculate the greatest common divisor of 14 and 6860.
14
Calculate the greatest common factor of 1677 and 39.
39
What is the greatest common divisor of 34 and 153?
17
What is the greatest common factor of 14 and 1008?
14
Calculate the highest common factor of 6979 and 7.
7
What is the greatest common factor of 27 and 9?
9
Calculate the highest common factor of 1408 and 320.
64
What is the greatest common factor of 54 and 405?
27
Calculate the highest common divisor of 9 and 3033.
9
Calculate the greatest common divisor of 58 and 6.
2
Calculate the highest common divisor of 290 and 550.
10
What is the greatest common factor of 149 and 2831?
149
What is the greatest common divisor of 60 and 840?
60
Calculate the highest common factor of 27 and 15.
3
What is the greatest common divisor of 333 and 1413?
9
Calculate the greatest common divisor of 800 and 2944.
32
What is the highest common factor of 495 and 55?
55
What is the highest common factor of 315 and 2655?
45
What is the greatest common factor of 311 and 7153?
311
What is the greatest common divisor of 4158 and 99?
99
What is the highest common divisor of 2597 and 49?
49
What is the greatest common factor of 52 and 52?
52
Calculate the greatest common divisor of 13 and 1417.
13
What is the highest common factor of 8343 and 103?
103
Calculate the greatest common divisor of 1738 and 286.
22
Calculate the greatest common divisor of 41239 and 326.
163
Calculate the highest common factor of 144 and 16.
16
What is the greatest common divisor of 31 and 10?
1
What is the highest common divisor of 2062 and 2?
2
What is the greatest common factor of 147 and 1617?
147
Calculate the greatest common factor of 9 and 1053.
9
Calculate the greatest common factor of 134 and 603.
67
Calculate the highest common divisor of 1083 and 171.
57
Calculate the highest common divisor of 90 and 522.
18
What is the greatest common factor of 69 and 322?
23
Calculate the highest common factor of 81 and 25731.
27
What is the highest common factor of 16092 and 216?
108
Calculate the highest common factor of 1414 and 14.
14
What is the highest common factor of 9015 and 105?
15
Calculate the greatest common factor of 377 and 8.
1
What is the highest common factor of 26967 and 303?
303
Calculate the greatest common divisor of 540 and 405.
135
What is the highest common divisor of 7560 and 90?
90
What is the greatest common divisor of 13039 and 17?
17
What is the highest common divisor of 22120 and 560?
280
Calculate the greatest common factor of 94 and 42958.
94
What is the greatest common factor of 589 and 76?
19
What is the greatest common factor of 136 and 32504?
136
Calculate the highest common factor of 11377 and 31.
31
What is the highest common divisor of 40 and 100?
20
What is the highest common factor of 24 and 60?
12
What is the greatest common divisor of 192 and 11328?
192
What is the greatest common factor of 35 and 315?
35
Calculate the greatest common factor of 42 and 138.
6
What is the greatest common factor of 72 and 222?
6
Calculate the greatest common factor of 36904 and 112.
56
What is the highest common factor of 280 and 4270?
70
Calculate the greatest common factor of 35979 and 67.
67
What is the highest common divisor of 448 and 192?
64
Calculate the greatest common factor of 48 and 128.
16
What is the highest common factor of 221 and 39559?
221
What is the highest common factor of 48 and 1392?
48
What is the highest common divisor of 2422 and 98?
14
What is the highest common divisor of 13 and 39?
13
What is the highest common divisor of 1812 and 12?
12
What is the highest common divisor of 322 and 2422?
14
Calculate the highest common divisor of 2813 and 58.
29
What is the highest common divisor of 52 and 1456?
52
What is the highest common factor of 16 and 16?
16
What is the greatest common divisor of 1258 and 187?
17
What is the greatest common divisor of 3830 and 10?
10
Calculate the greatest common factor of 660 and 210.
30
Calculate the highest common factor of 45 and 185.
5
What is the highest common factor of 15 and 270?
15
Calculate the highest common factor of 123 and 656.
41
What is the highest common factor of 20810 and 10?
10
Calculate the highest common factor of 84 and 756.
84
What is the highest common factor of 927 and 103?
103
Calculate the highest common divisor of 676 and 13.
13
What is the highest common divisor of 1776 and 4?
4
Calculate the greatest common divisor of 144 and 36.
36
Calculate the highest common divisor of 1055 and 15.
5
What is the highest common factor of 384 and 12?
12
Calculate the highest common factor of 6372 and 1888.
236
What is the highest common factor of 1602 and 4628?
178
What is the greatest common factor of 49 and 490?
49
Calculate the highest common divisor of 517 and 11.
11
Calculate the highest common divisor of 70 and 14.
14
What is the greatest common divisor of 64 and 136?
8
What is the greatest common factor of 132 and 33?
33
Calculate the greatest 